s of 1609963399.
11, 733, 199673
What are the prime factors of 6544086685?
5, 19, 71, 970213
What are the prime factors of 1919937605?
5, 29, 13240949
List the prime factors of 1633738826.
2, 19, 71, 103, 5879
List the prime factors of 3289959692.
2, 31, 67, 461, 859
What are the prime factors of 3569636295?
3, 5, 79325251
What are the prime factors of 52272145?
5, 487, 21467
What are the prime factors of 181494904?
2, 22686863
What are the prime factors of 39025485?
3, 5, 867233
What are the prime factors of 101429773?
2389, 42457
List the prime factors of 593078784.
2, 3, 386119
List the prime factors of 485115144.
2, 3, 19, 1063849
What are the prime factors of 119655441?
3, 4431683
What are the prime factors of 1083876022?
2, 541938011
What are the prime factors of 45197597?
31, 47, 67, 463
List the prime factors of 552606309.
3, 1103, 55667
What are the prime factors of 70231750?
2, 5, 280927
List the prime factors of 58163679.
3, 7, 923233
List the prime factors of 747251156.
2, 31, 137, 43987
What are the prime factors of 1575782265?
3, 5, 105052151
What are the prime factors of 5259858377?
5259858377
List the prime factors of 126332361.
3, 127, 110527
List the prime factors of 79456206.
2, 3, 13242701
List the prime factors of 544332164.
2, 149, 913309
List the prime factors of 257830882.
2, 128915441
What are the prime factors of 60094404?
2, 3, 1669289
What are the prime factors of 252999304?
2, 17, 1860289
What are the prime factors of 8182892590?
2, 5, 29, 673, 41927
List the prime factors of 45480656.
2, 13, 218657
What are the prime factors of 144445647?
3, 31, 83, 18713
What are the prime factors of 1422863770?
2, 5, 139, 1023643
List the prime factors of 3017517516.
2, 3, 13, 97, 22157
What are the prime factors of 121441047?
3, 7, 13, 17, 137, 191
List the prime factors of 25475157.
3, 2830573
What are the prime factors of 1227947373?
3, 136438597
What are the prime factors of 94192542?
2, 3, 2243, 2333
What are the prime factors of 72608873?
72608873
List the prime factors of 124291640.
2, 5, 11, 282481
List the prime factors of 49041405.
3, 5, 7, 23, 967
List the prime factors of 2232678670.
2, 5, 223267867
List the prime factors of 1241644.
2, 41, 67, 113
What are the prime factors of 3665677?
3665677
What are the prime factors of 684054351?
3, 76006039
What are the prime factors of 187321474?
2, 673, 139169
What are the prime factors of 53469636?
2, 3, 11, 405073
List the prime factors of 81004918.
2, 127, 318917
List the prime factors of 37098775.
5, 7, 239, 887
What are the prime factors of 1525173013?
7, 13, 73, 229591
List the prime factors of 307578538.
2, 153789269
List the prime factors of 7603374973.
97, 263, 298043
What are the prime factors of 1250251239?
3, 163, 1543, 1657
List the prime factors of 319564545.
3, 5, 1279, 16657
What are the prime factors of 57037191?
3, 41, 463717
List the prime factors of 78330899.
78330899
What are the prime factors of 6145420928?
2, 83, 113, 5119
List the prime factors of 1290947368.
2, 161368421
List the prime factors of 55650959.
7, 13, 611549
List the prime factors of 86426880.
2, 3, 5, 71, 317
What are the prime factors of 1176223281?
3, 392074427
List the prime factors of 749430360.
2, 3, 5, 7, 99131
List the prime factors of 81127008.
2, 3, 10433
What are the prime factors of 1517376083?
1517376083
List the prime factors of 7904513.
19, 41, 73, 139
What are the prime factors of 668993943?
3, 222997981
What are the prime factors of 6005357?
6005357
List the prime factors of 29521037.
7, 13, 353, 919
What are the prime factors of 78703859?
13, 1321, 4583
List the prime factors of 1963060679.
109, 751, 23981
What are the prime factors of 1506920752?
2, 887, 106181
List the prime factors of 1790885292.
2, 3, 7, 59, 361357
What are the prime factors of 2180313400?
2, 5, 10901567
What are the prime factors of 789182114?
2, 7, 56370151
List the prime factors of 43759913.
43759913
List the prime factors of 55152002.
2, 27576001
What are the prime factors of 219901338?
2, 3, 173, 23539
List the prime factors of 50684904.
2, 3, 703957
List the prime factors of 1358525888.
2, 439, 48353
What are the prime factors of 73094395?
5, 11, 827, 1607
What are the prime factors of 137826182?
2, 13, 53, 100019
List the prime factors of 781075495.
5, 156215099
What are the prime factors of 221253310?
2, 5, 883, 25057
List the prime factors of 22095064.
2, 31, 41, 53
What are the prime factors of 29347751?
3803, 7717
List the prime factors of 139816840.
2, 5, 17, 127, 1619
What are the prime factors of 339379547?
13, 29, 69247
What are the prime factors of 299256543?
3, 97, 342791
What are the prime factors of 6824776257?
3, 13, 240047
What are the prime factors of 7577816?
2, 29, 89, 367
List the prime factors of 53138823.
3, 479, 36979
List the prime factors of 7325554382.
2, 23599, 155209
What are the prime factors of 23591063?
3191, 7393
List the prime factors of 341538850.
2, 5, 6830777
List the prime factors of 3163249162.
2, 19, 43, 1935893
What are the prime factors of 1296057240?
2, 3, 5, 61, 103, 191
List the prime factors of 1558420216.
2, 194802527
What are the prime factors of 565483519?
97, 5829727
List the prime factors of 3720277523.
3187, 1167329
What are the prime factors of 129506138?
2, 64753069
What are the prime factors of 17452885?
5, 3490577
What are the prime factors of 2863116622?
2, 431, 1327, 2503
What are the prime factors of 262042555?
5, 52408511
List the prime factors of 189402317.
13, 19, 766811
What are the prime factors of 142466811?
3, 47488937
What are the prime factors of 89959502?
2, 44979751
List the prime factors of 53874024.
2, 3, 2244751
List the prime factors of 138816200.
2, 5, 694081
What are the prime factors of 42007254?
2, 3, 29, 241421
What are the prime factors of 155760408?
2, 3, 240371
What are the prime factors of 345681146?
2, 47, 3677459
What are the prime factors of 303890112?
2, 3, 137, 3851
What are the prime factors of 167707511?
3821, 43891
What are the prime factors of 36595125?
3, 5, 7, 1549
List the prime factors of 1842029884.
2, 460507471
What are the prime factors of 151695604?
2, 443, 85607
What are the prime factors of 1660272606?
2, 3, 1409, 21821
What are the prime factors of 2930057398?
2, 29, 107, 472133
What are the prime factors of 4792999135?
5, 47, 20395741
List the prime factors of 1992921.
3, 7, 43, 2207
List the prime factors of 57691581.
3, 19, 1012133
List the prime factors of 43355966.
2, 23, 942521
What are the prime factors of 90273756?
2, 3, 7522813
List the prime factors of 3028020638.
2, 71, 21324089
List the prime factors of 1212568625.
5, 23, 37, 11399
What are the prime factors of 5004060130?
2, 5, 500406013
List the prime factors of 53966913.
3, 7, 11, 13, 17971
List the prime factors of 1762692649.
1762692649
What are the prime factors of 83531603?
179, 439, 1063
What are the prime factors of 38933172?
2, 3, 1081477
List the prime factors of 4634625851.
4634625851
What are the prime factors of 1424924363?
1424924363
List the prime factors of 95585101.
17, 5622653
What are the prime factors of 110159124?
2, 3, 9179927
List the prime factors of 74492573.
1483, 50231
List the prime factors of 143155428.
2, 3, 13, 43, 21341
What are the prime factors of 8038474?
2, 1583, 2539
List the prime factors of 359598531.
3, 119866177
What are the prime factors of 11351969?
11351969
List the prime factors of 646960995.
3, 5, 14376911
List the prime factors of 584269421.
2833, 206237
What are the prime factors of 154210193?
23, 6704791
What are the prime factors of 2257888778?
2, 41, 27535229
What are the prime factors of 29833362?
2, 3, 13, 127493
List the prime factors of 42409084.
2, 17, 349, 1787
List the prime factors of 1169883108.
2, 3, 73, 148387
List the prime factors of 292296229.
292296229
List the prime factors of 65610444.
2, 3, 23, 89, 2671
What are the prime factors of 73819290?
2, 3, 5, 2460643
List the prime factors of 34635295.
5, 103, 109, 617
List the prime factors of 92766248.
2, 2239, 5179
What are the prime factors of 61647001?
13, 19, 249583
List the prime factors of 37310149.
1759, 21211
List the prime factors of 232773771.
3, 37, 491, 4271
List the prime factors of 163124459.
163124459
